e prime factors of 6816616.
2, 617, 1381
List the prime factors of 644325.
3, 5, 11, 71
What are the prime factors of 1895843107?
7717, 245671
List the prime factors of 2451463776.
2, 3, 401, 21227
What are the prime factors of 633886424?
2, 8803, 9001
What are the prime factors of 5176007125?
5, 41408057
List the prime factors of 146756068.
2, 36689017
What are the prime factors of 1609329293?
11, 13, 17, 662003
List the prime factors of 2303595920.
2, 5, 28794949
List the prime factors of 37685216.
2, 223, 5281
What are the prime factors of 830214780?
2, 3, 5, 13836913
List the prime factors of 1950475935.
3, 5, 227, 572827
List the prime factors of 1167294409.
17, 59, 4027
List the prime factors of 1834774671.
3, 14407, 42451
List the prime factors of 112613086.
2, 4567, 12329
List the prime factors of 4723779593.
13, 363367661
What are the prime factors of 444422711?
19, 23390669
What are the prime factors of 9509014?
2, 4754507
What are the prime factors of 256970366?
2, 73, 1760071
List the prime factors of 242861082.
2, 3, 17, 313, 7607
List the prime factors of 200497958.
2, 47, 2132957
What are the prime factors of 466307210?
2, 5, 47, 73, 13591
List the prime factors of 502932156.
2, 3, 293, 313, 457
What are the prime factors of 1855438636?
2, 107, 4335137
What are the prime factors of 30527580?
2, 3, 5, 17, 173
List the prime factors of 1111004844.
2, 3, 3853, 24029
What are the prime factors of 569952981?
3, 13, 4871393
What are the prime factors of 228816686?
2, 7, 89, 409, 449
What are the prime factors of 2650805347?
20897, 126851
List the prime factors of 31463041.
857, 36713
What are the prime factors of 195902247?
3, 23, 131, 21673
List the prime factors of 7849278226.
2, 59, 101, 658607
What are the prime factors of 127334044?
2, 31833511
What are the prime factors of 99172134?
2, 3, 19, 163, 593
What are the prime factors of 758094608?
2, 181, 261773
What are the prime factors of 117877072?
2, 409, 18013
What are the prime factors of 74214140?
2, 5, 7, 11, 13, 337
List the prime factors of 32748055.
5, 6549611
List the prime factors of 1457553433.
7, 1283, 162293
List the prime factors of 11290996.
2, 79, 35731
List the prime factors of 63470922.
2, 3, 10578487
List the prime factors of 2643476463.
3, 293719607
List the prime factors of 1660444902.
2, 3, 92246939
List the prime factors of 1619627259.
3, 539875753
What are the prime factors of 1180327560?
2, 3, 5, 557, 17659
List the prime factors of 76812139.
76812139
What are the prime factors of 1063271108?
2, 31, 8574767
What are the prime factors of 52082872?
2, 73, 101, 883
List the prime factors of 2360210388.
2, 3, 196684199
What are the prime factors of 2297343612?
2, 3, 191445301
What are the prime factors of 790848546?
2, 3, 131808091
What are the prime factors of 19785535?
5, 7, 11, 17, 3023
What are the prime factors of 344308384?
2, 7, 37, 41543
List the prime factors of 2108959655.
5, 11, 38344721
What are the prime factors of 10116906?
2, 3, 97, 17383
What are the prime factors of 10486810?
2, 5, 1048681
List the prime factors of 309741590.
2, 5, 30974159
List the prime factors of 475151340.
2, 3, 5, 283, 27983
List the prime factors of 49934540.
2, 5, 2496727
What are the prime factors of 739450741?
739450741
What are the prime factors of 288998479?
7, 11, 1549, 2423
List the prime factors of 1392692833.
7, 131, 1518749
What are the prime factors of 29648088?
2, 3, 411779
What are the prime factors of 5042016946?
2, 2521008473
List the prime factors of 287621663.
7, 41088809
List the prime factors of 48272659.
48272659
List the prime factors of 115292890.
2, 5, 43, 268123
What are the prime factors of 22699808?
2, 29, 61, 401
List the prime factors of 2566043275.
5, 43, 2387017
List the prime factors of 4505575350.
2, 3, 5, 103, 193, 1511
List the prime factors of 1113440252.
2, 278360063
What are the prime factors of 229640863?
857, 267959
What are the prime factors of 4584170183?
4584170183
List the prime factors of 294805537.
13, 3181, 7129
List the prime factors of 81933057.
3, 9103673
What are the prime factors of 85994708?
2, 233, 92269
What are the prime factors of 4536301?
7, 11, 58913
What are the prime factors of 2691435614?
2, 7, 17, 19, 157, 223
List the prime factors of 1101484836.
2, 3, 4721, 6481
What are the prime factors of 12802444?
2, 23, 37, 3761
List the prime factors of 109488993.
3, 17, 23, 31, 3011
List the prime factors of 346960180.
2, 5, 7, 354041
What are the prime factors of 1703812198?
2, 11, 103, 829, 907
List the prime factors of 128695823.
29, 47, 94421
List the prime factors of 689448853.
689448853
What are the prime factors of 1305424691?
1305424691
List the prime factors of 102806756.
2, 13, 152081
List the prime factors of 546914409.
3, 11717, 15559
What are the prime factors of 399082725?
3, 5, 41, 43261
List the prime factors of 731345399.
731345399
List the prime factors of 20783436.
2, 3, 1731953
List the prime factors of 924947854.
2, 19, 4153, 5861
List the prime factors of 557014782.
2, 3, 23, 175493
List the prime factors of 81172757.
2633, 30829
What are the prime factors of 46536803?
17, 283, 569
List the prime factors of 209127074.
2, 13, 8043349
What are the prime factors of 37215925?
5, 233, 6389
List the prime factors of 756898654.
2, 1321, 286487
List the prime factors of 1056885274.
2, 17, 31084861
List the prime factors of 202233122.
2, 7, 13, 17, 163, 401
What are the prime factors of 126570993?
3, 29, 1454839
List the prime factors of 4089004331.
23, 7229, 24593
List the prime factors of 122211137.
641, 190657
List the prime factors of 409406282.
2, 29, 79, 199, 449
What are the prime factors of 42837825?
3, 5, 41, 13931
List the prime factors of 619701093.
3, 11, 19, 107, 3079
List the prime factors of 86162478.
2, 3, 14360413
What are the prime factors of 198215840?
2, 5, 23, 61, 883
What are the prime factors of 189601918?
2, 11, 17, 2711
List the prime factors of 3988694010.
2, 3, 5, 7, 47, 404123
What are the prime factors of 9853354?
2, 7, 59, 79, 151
What are the prime factors of 1550577156?
2, 3, 19, 6800777
List the prime factors of 749292636.
2, 3, 3067, 20359
List the prime factors of 177594159.
3, 19, 271, 11497
List the prime factors of 415557829.
73, 5692573
List the prime factors of 76717479.
3, 67, 101, 3779
List the prime factors of 595985293.
19, 29, 701, 1543
What are the prime factors of 1456560217?
7, 2693, 77267
What are the prime factors of 190067970?
2, 3, 5, 6335599
List the prime factors of 1397225714.
2, 698612857
List the prime factors of 52895972.
2, 443, 29851
What are the prime factors of 75776576?
2, 191, 6199
What are the prime factors of 520816614?
2, 3, 86802769
What are the prime factors of 430358630?
2, 5, 13, 3310451
What are the prime factors of 1435355232?
2, 3, 29, 541, 953
What are the prime factors of 1185680660?
2, 5, 29, 2044277
List the prime factors of 845339672.
2, 179, 590321
List the prime factors of 3213157375.
5, 233, 110323
What are the prime factors of 1717486931?
17, 19, 1583, 3359
What are the prime factors of 83902588?
2, 7, 11, 272411
What are the prime factors of 173552331?
3, 57850777
List the prime factors of 232834488.
2, 3, 37, 79, 3319
What are the prime factors of 123846885?
3, 5, 2752153
List the prime factors of 829494033.
3, 109, 2536679
List the prime factors of 14119233.
3, 4706411
List the prime factors of 1004772598.
2, 502386299
What are the prime factors of 348003592?
2, 3467, 12547
What are the prime factors of 2495193299?
349, 7149551
List the prime factors of 7443034.
2, 607, 6131
What are the prime factors of 441302020?
2, 5, 503, 43867
What are the prime factors of 882817786?
2, 17, 19, 23, 59417
List the prime factors of 368733639.
3, 2693, 45641
List the prime factors of 80598724.
2, 431, 46751
What are the prime factors of 6057133994?
2, 19, 83, 149, 12889
List the prime factors of 81719535.
3, 5, 29, 187861
List the prime factors of 2495003456.
2, 11, 61, 58099
List the prime factors of 32213709.
3, 11, 29581
List the prime factors of 355391292.
2, 3, 29615941
List the prime factors of 4983261385.
5, 19, 3823, 13721
List the prime factors of 387123314.
2, 97, 1995481
What are the prime factors of 3528805733?
31, 79,